 (-6)/2. What is the units digit of z(w)?
9
Let k = -3 - -3. Let b be k/((18/(-3))/3). Suppose b = -4*a - 8, 4*d - 30 = 3*a. What is the units digit of d?
6
Let t = 8 + -3. Let g = t - 3. Suppose -b + 28 = -0*b - 3*a, 0 = b + g*a - 3. What is the tens digit of b?
1
Let c(h) = h + 18. What is the units digit of c(-10)?
8
Suppose -5*b + 10 = -0*b. Let c = -1 + 4. Suppose -5*m = 3*y - 94, 8*y = b*m + c*y - 50. What is the tens digit of m?
2
Suppose -16*j = -21*j + 15. What is the units digit of j?
3
Let l = 14 - 25. Let v = 8 + l. Let p = 8 + v. What is the units digit of p?
5
What is the tens digit of (7/(-4))/(7/(-56))?
1
Let m(z) = -z**3 - 10*z**2 - 11*z + 6. Let l be m(-8). Let t = l - -64. What is the tens digit of t?
3
Suppose 3*i - 4*i + 9 = 0. What is the units digit of i?
9
Suppose 0 = -4*r + 13 + 7. Suppose r*q - 3*q = 4*t + 66, -q + 29 = 2*t. What is the tens digit of q?
3
Let s be (-3416)/49 + (-2)/7. Let u = -49 - s. What is the units digit of u?
1
Let v(i) = 41*i - 4. What is the tens digit of v(1)?
3
Let c be (-5)/2*12/(-10). Suppose n - 4 - c = 0. What is the units digit of n?
7
Let h(l) be the first derivative of -l**2 - 13*l - 2*l + 2 + 3*l. What is the units digit of h(-10)?
8
Let r = -111 + 155. What is the units digit of r?
4
Let f(z) = 2 + 2 + 3*z + 5*z - 6. Let k be f(-2). Let x = -1 - k. What is the units digit of x?
7
Suppose 2*i + 12 = 5*i. Let k(u) = -u**2 + 6*u - 5. Let n be k(i). Suppose 0 = -5*w - 20, n*r + 0*w = 3*w + 48. What is the tens digit of r?
1
Suppose 221 = 5*j - 529. What is the tens digit of j?
5
Let n = -372 - -531. What is the units digit of n?
9
What is the units digit of 7/1 - 4 - -16?
9
Let m(n) = -2*n - 3. Let c be m(-3). Suppose -6 = -c*q - 0. Suppose -q*r = -3 - 1. What is the units digit of r?
2
Let z(f) = f**2 - 1. Let l(m) = -2*m. Let d be l(1). Let i be 54/12 - d/(-4). What is the units digit of z(i)?
5
Suppose 0 = -6*k + 2*k - 20. Let a(t) = t**3 + 7*t**2 + 3*t - 6. What is the units digit of a(k)?
9
What is the units digit of 16*(8/2 - -3)?
2
Let s(f) = -f**2 - 8*f - 9. Suppose -12 = -0*q - 2*q. Suppose q*k + 30 = k. What is the units digit of s(k)?
3
Let m be 1 - 2*51/6. Let k = 27 + m. What is the units digit of k?
1
Suppose 2*q + q - 60 = 0. Suppose q = -4*y, 3*y = -4*m + 8*y + 29. What is the units digit of m?
1
Let m(c) = -c**3 - 3*c**2 + 3*c - 1. What is the units digit of m(-4)?
3
Suppose -2*m + 3*m - 2 = -5*f, 2*m + 5*f - 29 = 0. What is the tens digit of m?
2
Let p(d) = d**3 - 3*d**2 + d + 1. Let z be p(2). Let q be (z/3)/(4/(-372)). Let x = q - 22. What is the units digit of x?
9
Let y(d) be the second derivative of d**3/2 - d**2 + 2*d. Let n be y(3). Let j(z) = z**3 - 7*z**2 + z + 1. What is the units digit of j(n)?
8
Let x(m) = 8*m**2 - 19*m + 3. Let r(q) = 3*q**2 - 6*q + 1. Let u(t) = -11*r(t) + 4*x(t). Let f be u(-10). What is the units digit of f/((-3)/(-15)) + -1?
4
Suppose -14 = 5*n + 4*x + 28, -n + 6 = -4*x. What is the units digit of ((-24)/(-16))/(n/(-80))?
0
Suppose -3*u + 36 = k, -5*u - 113 = -2*k - 8. Suppose 0 = 3*g - 3*i - k, 0 = 4*g + 3*i - 6 - 40. What is the units digit of g?
3
Suppose -5*w = 2*o - 246, -3*o - 39 = -2*w + 48. What is the units digit of w?
8
Suppose -f - 2 = p + 1, -3*f - 4*p = 12. Suppose -5 = 3*b - 2, 2*c - 3*b = 163. Suppose f = u - 5*u + c. What is the units digit of u?
0
Suppose 7*u - 25 = 2*u - 2*y, 4*y + 25 = 5*u. Suppose 20 - 65 = -u*r. What is the units digit of r?
9
Let h = -4 - 0. Let d be ((-28)/6)/(h/6). Suppose 5*b - 3*j = 9, -2*b + d = 3*b - 4*j. What is the units digit of b?
3
Suppose 4*q + 9 = -4*j - 3, 2*q = 5*j + 22. What is the units digit of (j/6)/((-4)/66)?
1
Let m(y) = y + 21. Let s(f) = -3*f + 2. Let v be s(4). What is the units digit of m(v)?
1
Let o(p) = p**2 - 2*p - 1. Let x be o(3). Let v(n) = 6*n - n - 2*n + x + 5*n - n**2. What is the units digit of v(5)?
7
Let x = -4 - -6. Suppose -22 = x*q - 0*p + 2*p, 3*q - 4*p + 47 = 0. Let k = -10 - q. What is the units digit of k?
3
Let h(w) be the second derivative of w**3/6 + 6*w**2 + 2*w. What is the tens digit of h(0)?
1
Let a be (32/(-20))/((-2)/10). Suppose -4*p - 4*c = -64, -c - 40 = -2*p - 5*c. Suppose 2*k - p = a. What is the tens digit of k?
1
Let o be 7/(2 - 33/18). Suppose -8 = 5*m - 5*w + o, m - 3*w + 18 = 0. What is the units digit of 2/4 - m/4?
2
Suppose -7*w + 2*w + 253 = -3*a, 0 = -4*w + 3*a + 203. Suppose 2*k + 2*n - 20 = 0, -5*k + 0*k = n - w. What is the units digit of k?
0
Suppose -3*x = x. Suppose -5*t + 2*d = x, -3*t + 2*d - 2 = t. What is the units digit of t?
2
Let p(v) = -v**3 + 6*v**2 + 5*v + 5. Suppose -7*q + 12*q = 30. What is the units digit of p(q)?
5
Let k = 544 + -311. What is the tens digit of k?
3
Let y(q) = -3*q**3 - 2*q**2 - 2*q - 3. What is the tens digit of y(-2)?
1
Let d be (-44)/(-8) - 1/(-2). Suppose 5*f = 8*f - d. What is the units digit of f?
2
Let s(c) = -c**2 + 7*c + 10. Let f be s(8). Suppose f*o = -o + 33. What is the tens digit of o?
1
Let i = -11 + 2. Let f = -4 - i. What is the units digit of f?
5
Let m(z) = 2*z**3 - z**2 - 2*z + 2. Let f be m(2). Let i = 14 - f. Suppose i*w + 0*k - 3*k = 53, k = 3*w - 36. What is the units digit of w?
1
Suppose 5*v - 7*v + 290 = 3*w, 0 = -4*v - 5*w + 576. What is the hundreds digit of v?
1
Suppose -6*u = -8*u + 84. What is the tens digit of u?
4
Let h(n) = 2*n - 8. Let k be h(5). Suppose k*w + 8 = 0, 5*d = -0*w - 3*w + 168. What is the units digit of d?
6
Let t(g) be the first derivative of g**6/180 - g**5/30 + g**4/12 + 2*g**3/3 - 1. Let r(m) be the third derivative of t(m). What is the units digit of r(3)?
8
Let h be 1*(1 + -1) - 26/2. Let b be 1 - 10/(1 + 1). Let a = b - h. What is the units digit of a?
9
Suppose -3*s - 9 + 21 = 0. What is the units digit of s?
4
Let l be ((-80)/12)/((-3)/(-9)). What is the units digit of (48/l)/((-1)/5)?
2
Suppose v + 5*q - 5 = -19, v + 3*q = -8. Let s be (-1 + 2)/(v - 0). Let i = 12 + s. What is the units digit of i?
3
Let x(o) = o**3 - 5*o**2 + 2*o - 7. Let h = 16 + -11. Let r be x(h). What is the units digit of 8*1/r*3?
8
Let t(m) = -2*m - 8. Let f(s) = -s**2 - 7*s - 9. Let r be f(-7). What is the units digit of t(r)?
0
Let g(s) = -s - 96. Let v be g(0). What is the units digit of ((-15)/(-20))/((-2)/v)?
6
Suppose 4*m - 18 = q - 4*q, -5*m = 5*q - 25. Let f(n) = 4 + 1 + 3*n - 6 - 3*n**2 - n**m. What is the units digit of f(-4)?
3
Suppose -33 = -a + 2. What is the tens digit of a?
3
Let r = -56 - -61. What is the units digit of r?
5
Let n(z) = 5*z + 5 - 3*z - z - 4*z. What is the units digit of n(-5)?
0
What is the tens digit of (869/44 - (-2)/8)*4?
8
Let w be (-86)/(-10) - (-6)/(-10). Suppose -s - w = -5*s. Suppose t + 2 = -t - 5*y, 5*t = s*y + 53. What is the units digit of t?
9
Let u(c) = c**2 + 6*c + 7. Let b be u(-6). Let t = -4 + b. What is the units digit of t?
3
Suppose 3*d - 229 = 23. Suppose 0 = -5*o - 5*g + d - 19, 5*o + 2*g = 50. What is the units digit of o?
8
Let k(c) = -3*c**2 + c. Let l be k(-1). Let s(a) = -a**3 - 2*a**2 + 5*a - 2. What is the units digit of s(l)?
0
Let y = 19 - 7. Suppose d - 4*h - 21 = 0, 0 = 6*d - 4*d - 2*h - y. What is the units digit of 2 - (0 - 0/d)?
2
Suppose 10*w - 5*w = 15. Suppose w*m = 32 + 1. What is the units digit of m?
1
What is the hundreds digit of 1978/7 - 8/((-168)/9)?
2
Suppose 40 - 1366 = -6*p. What is the units digit of p?
1
Let m(d) = 2*d**3 - 2*d**2 + d. Let v(i) = -3 + i**3 - i - 8*i**2 + 7*i + 11. Let a be v(7). What is the units digit of m(a)?
1
Suppose 0 = 3*l - 4 - 2. Suppose -2*j + 56 = l*j. What is the units digit of j?
4
Suppose -4*a = 12, 4*t - 2 = 5*a - 7. What is the units digit of t/(-15)*(0 + 3)?
1
What is the units digit of 35 - (-12)/((-20)/(-5))?
8
Suppose -2*u + 5 + 97 = 0. What is the units digit of u?
1
Let o = 1 + 0. Suppose -16 = -u - o. What is the tens digit of u?
1
Suppose p - 108 = 2*i, -3*p - 4*i = i - 302. What is the hundreds digit of p?
1
What is the tens digit of ((-16)/(-20))/((-2)/(-40))?
1
Suppose -5*g - 3*o + 2*o = -1068, 0 = -4*g - o + 855. What is the hundreds digit of g?
2
Let x = -60 - -100. What is the tens digit of x?
4
Let v(k) = k**3 - 5*k**2 + 3. Let u be v(5). Suppose -u*a = -0*a - 108. What is the units digit of a?
6
Let b = 1 - -1. Suppose 4*j = 2*j 